{"id":129,"date":"2025-04-03T16:43:05","date_gmt":"2025-04-03T16:43:05","guid":{"rendered":"https:\/\/dr-raedel.de\/apotheke\/?post_type=product&#038;p=129"},"modified":"2025-04-08T08:00:55","modified_gmt":"2025-04-08T08:00:55","slug":"calm-x","status":"publish","type":"product","link":"https:\/\/dr-raedel.de\/apotheke\/product\/calm-x\/","title":{"rendered":"Calm X"},"content":{"rendered":"\r\n<h2 class=\"wp-block-heading\"><strong>Calm X Bewertung<\/strong><\/h2>\r\n\r\n<div class=\"flex max-w-full flex-col grow AIPRM__conversation__response\">\r\n<div class=\"min-h-8 text-message relative flex w-full flex-col items-end gap-2 text-start break-words whitespace-normal [.text-message+&amp;]:mt-5\" dir=\"auto\" data-message-author-role=\"assistant\" data-message-id=\"ace060d4-9e87-4dfc-b219-85b0f4f8663e\" data-message-model-slug=\"gpt-4o\">\r\n<div class=\"flex w-full flex-col gap-1 empty:hidden first:pt-[3px]\">\r\n<div class=\"markdown prose dark:prose-invert w-full break-words dark\">\r\n<p class=\"\" data-start=\"1273\" data-end=\"1714\">Calm X CBD-Kapseln bieten eine nat\u00fcrliche M\u00f6glichkeit, Stress zu reduzieren und innere Ruhe zu finden. Die Kombination aus CBD und wertvollen Kr\u00e4utern wirkt beruhigend und f\u00f6rdert das Wohlbefinden. Im Gegensatz zu vielen anderen Produkten enth\u00e4lt Calm X eine spezielle Mischung, die sowohl den K\u00f6rper als auch den Geist unterst\u00fctzt. Wer sich entspannter und ausgeglichener f\u00fchlen m\u00f6chte, kann von diesen Kapseln profitieren.<\/p>\r\n<p data-start=\"1273\" data-end=\"1714\"><\/p>\r\n<h2 class=\"wp-block-heading\"><strong>Calm X Vorteile<\/strong><\/h2>\r\n<p class=\"\" data-start=\"2014\" data-end=\"2106\">Calm X ist ein idealer Begleiter f\u00fcr stressige Phasen. Die Vorteile sind:<\/p>\r\n<ul data-start=\"2108\" data-end=\"2444\">\r\n<li class=\"\" data-start=\"2108\" data-end=\"2193\">\r\n<p class=\"\" data-start=\"2110\" data-end=\"2193\"><strong data-start=\"2110\" data-end=\"2126\">Entspannung:<\/strong> Das Nervensystem wird beruhigt und Stresshormone werden gesenkt.<\/p>\r\n<\/li>\r\n<li class=\"\" data-start=\"2194\" data-end=\"2279\">\r\n<p class=\"\" data-start=\"2196\" data-end=\"2279\"><strong data-start=\"2196\" data-end=\"2222\">Weniger innere Unruhe:<\/strong> CBD und Ashwagandha helfen gegen Angst und Nervosit\u00e4t.<\/p>\r\n<\/li>\r\n<li class=\"\" data-start=\"2280\" data-end=\"2371\">\r\n<p class=\"\" data-start=\"2282\" data-end=\"2371\"><strong data-start=\"2282\" data-end=\"2302\">Besserer Schlaf:<\/strong> Calm X erleichtert das Einschlafen und sorgt f\u00fcr tiefere Erholung.<\/p>\r\n<\/li>\r\n<li class=\"\" data-start=\"2372\" data-end=\"2444\">\r\n<p class=\"\" data-start=\"2374\" data-end=\"2444\"><strong data-start=\"2374\" data-end=\"2396\">Geistige Klarheit:<\/strong> L-Theanin verbessert Konzentration und Fokus.<\/p>\r\n<\/li>\r\n<\/ul>\r\n<p class=\"\" data-start=\"2446\" data-end=\"2542\">Durch regelm\u00e4\u00dfige Einnahme wird das innere Gleichgewicht gef\u00f6rdert und der Alltag entspannter.<\/p>\r\n<p data-start=\"2446\" data-end=\"2542\"><\/p>\r\n<blockquote>\r\n<p><a href=\"https:\/\/dr-raedel.de\/apotheke\/go\/calm-x\"><strong>\ud83d\udc49 RABATTE &#8211; 70 % + kostenloser Versand f\u00fcr Calm X \u2013 Begrenzte Zeit \u2013 JETZT KAUFEN! \ud83d\udc48<\/strong><\/a><\/p>\r\n<\/blockquote>\r\n<p data-start=\"2446\" data-end=\"2542\"><\/p>\r\n<h2 class=\"wp-block-heading\"><strong>Was ist Calm X?<\/strong><\/h2>\r\n<p class=\"\" data-start=\"2446\" data-end=\"2542\"><\/p>\r\n<p class=\"\" data-start=\"1917\" data-end=\"2057\"><span class=\"relative -mx-px my-[-0.2rem] rounded-sm px-px py-[0.2rem]\">Calm X CBD ist ein niederl\u00e4ndisches Nahrungserg\u00e4nzungsmittel mit Cannabidiol (CBD), einem nicht-psychoaktiven Bestandteil von Hanf.<\/span> <span class=\"relative -mx-px my-[-0.2rem] rounded-sm px-px py-[0.2rem]\">Es dient der F\u00f6rderung von Entspannung und allgemeinem Wohlbefinden.<\/span>\u200b<\/p>\r\n<p class=\"\" data-start=\"2059\" data-end=\"2092\"><strong data-start=\"2059\" data-end=\"2092\">Eigenschaften von Calm X CBD:<\/strong><\/p>\r\n<ul data-start=\"2094\" data-end=\"2554\">\r\n<li class=\"\" data-start=\"2094\" data-end=\"2204\">\r\n<p class=\"\" data-start=\"2096\" data-end=\"2204\"><strong data-start=\"2096\" data-end=\"2118\">Erstklassiges CBD:<\/strong> <span class=\"relative -mx-px my-[-0.2rem] rounded-sm px-px py-[0.2rem]\">Gewonnen aus ausgew\u00e4hltem Hanf und frei von THC, um unerw\u00fcnschte psychoaktive Effekte zu verhindern.<\/span>\u200b<\/p>\r\n<\/li>\r\n<li class=\"\" data-start=\"2206\" data-end=\"2323\">\r\n<p class=\"\" data-start=\"2208\" data-end=\"2323\"><strong data-start=\"2208\" data-end=\"2237\">Nat\u00fcrliche Inhaltsstoffe:<\/strong> <span class=\"relative -mx-px my-[-0.2rem] rounded-sm px-px py-[0.2rem]\">Neben CBD sind weitere nat\u00fcrliche Komponenten enthalten, die gemeinsam helfen, Stress abzubauen und die innere Balance zu f\u00f6rdern.<\/span>\u200b<\/p>\r\n<\/li>\r\n<li class=\"\" data-start=\"2325\" data-end=\"2436\">\r\n<p class=\"\" data-start=\"2327\" data-end=\"2436\"><strong data-start=\"2327\" data-end=\"2350\">Einfache Anwendung:<\/strong> <span class=\"relative -mx-px my-[-0.2rem] rounded-sm px-px py-[0.2rem]\">In Kapselform verf\u00fcgbar, erm\u00f6glicht es eine pr\u00e4zise Dosierung und bequeme Einnahme.<\/span>\u200b<\/p>\r\n<\/li>\r\n<li class=\"\" data-start=\"2438\" data-end=\"2554\">\r\n<p class=\"\" data-start=\"2440\" data-end=\"2554\"><strong data-start=\"2440\" data-end=\"2468\">Flexible Packungsgr\u00f6\u00dfen:<\/strong> <span class=\"relative -mx-px my-[-0.2rem] rounded-sm px-px py-[0.2rem]\">Erh\u00e4ltlich in verschiedenen Mengen, um individuellen Bed\u00fcrfnissen gerecht zu werden.<\/span>\u200b<\/p>\r\n<\/li>\r\n<\/ul>\r\n\r\n<h2 class=\"wp-block-heading\"><strong>Was sind die Inhaltsstoffe und wie funktioniert Calm X?<\/strong><\/h2>\r\n\r\n<p class=\"\" data-start=\"2216\" data-end=\"2356\"><span class=\"relative -mx-px my-[-0.2rem] rounded-sm px-px py-[0.2rem]\">Calm X ist ein Nahrungserg\u00e4nzungsmittel mit nat\u00fcrlichen Komponenten, das zur Entspannung beitr\u00e4gt und das Wohlbefinden f\u00f6rdert.<\/span> <span class=\"relative -mx-px my-[-0.2rem] rounded-sm px-px py-[0.2rem]\">Es unterst\u00fctzt das Nervensystem und hilft, Stress abzubauen.<\/span>\u200b<\/p>\r\n<p class=\"\" data-start=\"2358\" data-end=\"2386\"><strong data-start=\"2358\" data-end=\"2386\">Bestandteile von Calm X:<\/strong><\/p>\r\n<ul data-start=\"2388\" data-end=\"2813\">\r\n<li class=\"\" data-start=\"2388\" data-end=\"2498\">\r\n<p class=\"\" data-start=\"2390\" data-end=\"2498\"><strong data-start=\"2390\" data-end=\"2412\">CBD (Cannabidiol):<\/strong> <span class=\"relative -mx-px my-[-0.2rem] rounded-sm px-px py-[0.2rem]\">Ein nicht-psychoaktiver Stoff aus Hanf, der beruhigend wirkt und innere Ruhe unterst\u00fctzt.<\/span>\u200b<\/p>\r\n<\/li>\r\n<li class=\"\" data-start=\"2500\" data-end=\"2604\">\r\n<p class=\"\" data-start=\"2502\" data-end=\"2604\"><strong data-start=\"2502\" data-end=\"2518\">Ashwagandha:<\/strong> <span class=\"relative -mx-px my-[-0.2rem] rounded-sm px-px py-[0.2rem]\">Ein pflanzlicher Extrakt, der den Umgang mit Stress verbessert und das allgemeine Wohlbefinden steigert.<\/span>\u200b<\/p>\r\n<\/li>\r\n<li class=\"\" data-start=\"2606\" data-end=\"2708\">\r\n<p class=\"\" data-start=\"2608\" data-end=\"2708\"><strong data-start=\"2608\" data-end=\"2622\">L-Theanin:<\/strong> <span class=\"relative -mx-px my-[-0.2rem] rounded-sm px-px py-[0.2rem]\">Kommt in gr\u00fcnem Tee vor und f\u00f6rdert Entspannung sowie Konzentration.<\/span>\u200b<\/p>\r\n<\/li>\r\n<li class=\"\" data-start=\"2710\" data-end=\"2813\">\r\n<p class=\"\" data-start=\"2712\" data-end=\"2813\"><strong data-start=\"2712\" data-end=\"2727\">Vitamin B6:<\/strong> <span class=\"relative -mx-px my-[-0.2rem] rounded-sm px-px py-[0.2rem]\">Wichtig f\u00fcr das Nervensystem und hilft, M\u00fcdigkeit zu verringern.<\/span>\u200b<\/p>\r\n<\/li>\r\n<\/ul>\r\n<p class=\"\" data-start=\"2815\" data-end=\"2844\"><strong data-start=\"2815\" data-end=\"2844\">Wirkungsweise von Calm X:<\/strong><\/p>\r\n<p class=\"\" data-start=\"2846\" data-end=\"2931\"><span class=\"relative -mx-px my-[-0.2rem] rounded-sm px-px py-[0.2rem]\">Die Kombination dieser Inhaltsstoffe wirkt entspannend, stressmindernd und f\u00f6rdert die geistige Klarheit.<\/span>\u200b<\/p>\r\n<p data-start=\"2846\" data-end=\"2931\"><\/p>\r\n<h2 class=\"wp-block-heading\"><strong>Wie wird Calm X angewendet? Dosierung<\/strong><\/h2>\r\n<p data-start=\"2846\" data-end=\"2931\"><span class=\"relative -mx-px my-[-0.2rem] rounded-sm px-px py-[0.2rem]\">Nehmen Sie Calm X in Kapselform ein.<\/span> <span class=\"relative -mx-px my-[-0.2rem] rounded-sm px-px py-[0.2rem]\">Die Standarddosierung betr\u00e4gt <strong data-start=\"30\" data-end=\"50\">1 Kapsel pro Tag<\/strong>, am besten mit einer Mahlzeit.<\/span> <span class=\"relative -mx-px my-[-0.2rem] rounded-sm px-px py-[0.2rem]\">Bei erh\u00f6htem Stress kann die Dosis auf <strong data-start=\"39\" data-end=\"67\">bis zu 2 Kapseln t\u00e4glich<\/strong> angepasst werden.<\/span> <span class=\"relative -mx-px my-[-0.2rem] rounded-sm px-px py-[0.2rem]\">Eine regelm\u00e4\u00dfige Einnahme f\u00f6rdert das allgemeine Wohlbefinden.<\/span>\u200b<\/p>\r\n<h2 data-start=\"499\" data-end=\"580\"><strong>Kontraindikationen und Vorsichtsma\u00dfnahmen<\/strong><\/h2>\r\n<ul data-start=\"2334\" data-end=\"2706\">\r\n<li class=\"\" data-start=\"2334\" data-end=\"2446\">\r\n<p class=\"\" data-start=\"2336\" data-end=\"2446\"><strong data-start=\"2336\" data-end=\"2360\">\u00dcberempfindlichkeit:<\/strong> <span class=\"relative -mx-px my-[-0.2rem] rounded-sm px-px py-[0.2rem]\">Bei bekannter Allergie gegen einen der Inhaltsstoffe sollte Calm X nicht eingenommen werden.<\/span>\u200b<\/p>\r\n<\/li>\r\n<li class=\"\" data-start=\"2448\" data-end=\"2570\">\r\n<p class=\"\" data-start=\"2450\" data-end=\"2570\"><strong data-start=\"2450\" data-end=\"2484\">Schwangerschaft und Stillzeit:<\/strong> <span class=\"relative -mx-px my-[-0.2rem] rounded-sm px-px py-[0.2rem]\">Die Sicherheit von Calm X w\u00e4hrend Schwangerschaft und Stillzeit ist nicht ausreichend erforscht; daher ist Vorsicht geboten.<\/span>\u200b<\/p>\r\n<\/li>\r\n<li class=\"\" data-start=\"2572\" data-end=\"2706\">\r\n<p class=\"\" data-start=\"2574\" data-end=\"2706\"><strong data-start=\"2574\" data-end=\"2620\">Wechselwirkungen mit anderen Medikamenten:<\/strong> <span class=\"relative -mx-px my-[-0.2rem] rounded-sm px-px py-[0.2rem]\">Bei gleichzeitiger Einnahme von Medikamenten gegen Depressionen oder Angstzust\u00e4nde ist eine vorherige Absprache mit dem Arzt erforderlich.<\/span>\u200b<\/p>\r\n<\/li>\r\n<\/ul>\r\n<p class=\"\" data-start=\"2708\" data-end=\"2725\"><strong data-start=\"2708\" data-end=\"2725\">Empfehlungen:<\/strong><\/p>\r\n<ul data-start=\"2727\" data-end=\"2952\">\r\n<li class=\"\" data-start=\"2727\" data-end=\"2845\">\r\n<p class=\"\" data-start=\"2729\" data-end=\"2845\"><strong data-start=\"2729\" data-end=\"2759\">Konsultation eines Arztes:<\/strong> <span class=\"relative -mx-px my-[-0.2rem] rounded-sm px-px py-[0.2rem]\">Vor der Einnahme von Calm X sollten Personen mit bestehenden Gesundheitsproblemen oder die andere Medikamente einnehmen, ihren Arzt konsultieren.<\/span>\u200b<\/p>\r\n<\/li>\r\n<li class=\"\" data-start=\"2847\" data-end=\"2952\">\r\n<p class=\"\" data-start=\"2849\" data-end=\"2952\"><strong data-start=\"2849\" data-end=\"2866\">Aufbewahrung:<\/strong> <span class=\"relative -mx-px my-[-0.2rem] rounded-sm px-px py-[0.2rem]\">Lagern Sie Calm X au\u00dferhalb der Reichweite von Kindern.<\/span>\u200b<\/p>\r\n<\/li>\r\n<\/ul>\r\n<p class=\"\" data-start=\"2954\" data-end=\"3048\"><\/p>\r\n<h2 class=\"wp-block-heading\"><strong>Calm X Nebenwirkungen und unerw\u00fcnschte Reaktionen<\/strong><\/h2>\r\n<p class=\"\" data-start=\"2954\" data-end=\"3048\"><\/p>\r\n<p class=\"\" data-start=\"1232\" data-end=\"1357\"><span class=\"relative -mx-px my-[-0.2rem] rounded-sm px-px py-[0.2rem]\">Die meisten Anwender vertragen Calm X ohne Probleme.<\/span> <span class=\"relative -mx-px my-[-0.2rem] rounded-sm px-px py-[0.2rem]\">In seltenen F\u00e4llen k\u00f6nnen jedoch folgende Nebenwirkungen auftreten:<\/span>\u200b<\/p>\r\n<ul data-start=\"1359\" data-end=\"1534\">\r\n<li class=\"\" data-start=\"1359\" data-end=\"1446\">\r\n<p class=\"\" data-start=\"1361\" data-end=\"1446\"><span class=\"relative -mx-px my-[-0.2rem] rounded-sm px-px py-[0.2rem]\"><strong data-start=\"0\" data-end=\"32\" data-is-only-node=\"\">Schl\u00e4frigkeit oder M\u00fcdigkeit<\/strong>, insbesondere bei h\u00f6heren Dosierungen.<\/span>\u200b<\/p>\r\n<\/li>\r\n<li class=\"\" data-start=\"1447\" data-end=\"1534\">\r\n<p class=\"\" data-start=\"1449\" data-end=\"1534\"><span class=\"relative -mx-px my-[-0.2rem] rounded-sm px-px py-[0.2rem]\"><strong data-start=\"0\" data-end=\"34\" data-is-only-node=\"\">\u00dcbelkeit oder Magenbeschwerden<\/strong> bei empfindlichen Personen.<\/span>\u200b<\/p>\r\n<\/li>\r\n<\/ul>\r\n<p class=\"\" data-start=\"1536\" data-end=\"1621\"><span class=\"relative -mx-px my-[-0.2rem] rounded-sm px-px py-[0.2rem]\">Sollten diese oder andere unerw\u00fcnschte Wirkungen auftreten, stellen Sie die Einnahme ein und suchen Sie einen Arzt auf.<\/span>\u200b<\/p>\r\n<h2 class=\"wp-block-heading\"><strong>Calm X \u2013 Bewertungen und Erfahrungsberichte<\/strong><\/h2>\r\n<p class=\"\" data-start=\"1536\" data-end=\"1621\"><\/p>\r\n<p class=\"\" data-start=\"1496\" data-end=\"1632\">&#8222;\u200b<span class=\"relative -mx-px my-[-0.2rem] rounded-sm px-px py-[0.2rem]\">Seit ich Calm X verwende, kann ich nach anstrengenden Tagen besser entspannen. Mein Schlaf ist tiefer, und ich f\u00fchle mich tags\u00fcber konzentrierter.<\/span>&#8220; \u2013 <span class=\"relative -mx-px my-[-0.2rem] rounded-sm px-px py-[0.2rem]\">Laura, 30<\/span>\u200b<\/p>\r\n<p class=\"\" data-start=\"1634\" data-end=\"1770\">&#8222;\u200b<span class=\"relative -mx-px my-[-0.2rem] rounded-sm px-px py-[0.2rem]\">Calm X hat mir geholfen, meine innere Balance zu finden. Die beruhigende Wirkung setzt schnell ein und bleibt \u00fcber einen l\u00e4ngeren Zeitraum bestehen.<\/span>&#8220; \u2013 <span class=\"relative -mx-px my-[-0.2rem] rounded-sm px-px py-[0.2rem]\">Jan, 45<\/span>\u200b<\/p>\r\n<p class=\"\" data-start=\"1772\" data-end=\"1857\"><span class=\"relative -mx-px my-[-0.2rem] rounded-sm px-px py-[0.2rem]\">Diese Testimonials belegen die positiven Effekte von Calm X auf das mentale Wohlbefinden.<\/span>\u200b<\/p>\r\n<h2 class=\"wp-block-heading\"><strong>Calm X Bewertungen: Abschluss<\/strong><\/h2>\r\n<p class=\"\" data-start=\"1772\" data-end=\"1857\"><\/p>\r\n<p class=\"\" data-start=\"1730\" data-end=\"1855\"><span class=\"relative -mx-px my-[-0.2rem] rounded-sm px-px py-[0.2rem]\">Calm X hat sich als effektives Nahrungserg\u00e4nzungsmittel etabliert, das positive R\u00fcckmeldungen von Anwendern erhalten hat.<\/span> <span class=\"relative -mx-px my-[-0.2rem] rounded-sm px-px py-[0.2rem]\">Die sorgf\u00e4ltige Auswahl hochwertiger Inhaltsstoffe tr\u00e4gt dazu bei, das allgemeine Wohlbefinden zu steigern und Stress abzubauen.<\/span>\u200b<\/p>\r\n<p class=\"\" data-start=\"1857\" data-end=\"1982\"><span class=\"relative -mx-px my-[-0.2rem] rounded-sm px-px py-[0.2rem]\">Nutzer berichten von Verbesserungen in ihrem Alltag.<\/span> <span class=\"relative -mx-px my-[-0.2rem] rounded-sm px-px py-[0.2rem]\">Ein Kunde teilte seine Erfahrung mit Calm X mit den Worten:<\/span>\u200b<\/p>\r\n<blockquote data-start=\"1984\" data-end=\"2071\">\r\n<p class=\"\" data-start=\"1986\" data-end=\"2071\"><span class=\"relative -mx-px my-[-0.2rem] rounded-sm px-px py-[0.2rem]\">&#8222;Calm X hat mir geholfen, nach stressigen Arbeitstagen zu entspannen. Ich schlafe jetzt besser und f\u00fchle mich den ganzen Tag \u00fcber konzentrierter.&#8220;<\/span>\u200b<\/p>\r\n<\/blockquote>\r\n<p class=\"\" data-start=\"2073\" data-end=\"2158\"><span class=\"relative -mx-px my-[-0.2rem] rounded-sm px-px py-[0.2rem]\">Dieses Feedback zeigt die Wirksamkeit des Produkts bei der F\u00f6rderung von Entspannung und Stressbew\u00e4ltigung.<\/span>\u200b<\/p>\r\n<p class=\"\" data-start=\"2160\" data-end=\"2285\"><span class=\"relative -mx-px my-[-0.2rem] rounded-sm px-px py-[0.2rem]\">Zusammenfassend ist Calm X eine empfehlenswerte Wahl f\u00fcr diejenigen, die eine nat\u00fcrliche Unterst\u00fctzung f\u00fcr ihr Nervensystem und ihr allgemeines Wohlbefinden suchen.<\/span> <span class=\"relative -mx-px my-[-0.2rem] rounded-sm px-px py-[0.2rem]\">Die positiven Erfahrungen der Nutzer und die sorgf\u00e4ltige Zusammenstellung der Inhaltsstoffe sprechen f\u00fcr die Qualit\u00e4t und Effektivit\u00e4t dieses Nahrungserg\u00e4nzungsmittels.<\/span>\u200b<\/p>\r\n<h2 class=\"wp-block-heading\"><strong>Calm X Bewertungen: H\u00e4ufig gestellte Fragen<\/strong><\/h2>\r\n<p class=\"\" data-start=\"16\" data-end=\"120\"><strong data-start=\"16\" data-end=\"38\">1. Was ist Calm X?<\/strong> <span class=\"relative -mx-px my-[-0.2rem] rounded-sm px-px py-[0.2rem]\">Calm X ist ein Nahrungserg\u00e4nzungsmittel, das entwickelt wurde, um das allgemeine Wohlbefinden zu f\u00f6rdern und Stress abzubauen.<\/span>\u200b<\/p>\r\n<p class=\"\" data-start=\"122\" data-end=\"286\"><strong data-start=\"122\" data-end=\"166\">2. Wie sollte Calm X eingenommen werden?<\/strong> <span class=\"relative -mx-px my-[-0.2rem] rounded-sm px-px py-[0.2rem]\">Die empfohlene Dosierung betr\u00e4gt 1 Kapsel pro Tag, vorzugsweise mit einer Mahlzeit, um die Aufnahme der Inhaltsstoffe zu optimieren.<\/span> <span class=\"relative -mx-px my-[-0.2rem] rounded-sm px-px py-[0.2rem]\">In stressigen Zeiten kann die Dosis auf bis zu 2 Kapseln pro Tag erh\u00f6ht werden.<\/span>\u200b<\/p>\r\n<p class=\"\" data-start=\"288\" data-end=\"504\"><strong data-start=\"288\" data-end=\"346\">3. Gibt es Nebenwirkungen bei der Einnahme von Calm X?<\/strong> <span class=\"relative -mx-px my-[-0.2rem] rounded-sm px-px py-[0.2rem]\">Calm X wird in der Regel gut vertragen.<\/span> <span class=\"relative -mx-px my-[-0.2rem] rounded-sm px-px py-[0.2rem]\">In seltenen F\u00e4llen k\u00f6nnen leichte Nebenwirkungen wie M\u00fcdigkeit oder Magenbeschwerden auftreten.<\/span> <span class=\"relative -mx-px my-[-0.2rem] rounded-sm px-px py-[0.2rem]\">Bei Auftreten solcher Reaktionen sollte die Einnahme eingestellt und ein Arzt konsultiert werden.<\/span>\u200b<\/p>\r\n<p class=\"\" data-start=\"506\" data-end=\"631\"><strong data-start=\"506\" data-end=\"547\">4. Wer sollte Calm X nicht einnehmen?<\/strong> <span class=\"relative -mx-px my-[-0.2rem] rounded-sm px-px py-[0.2rem]\">Personen mit bekannter \u00dcberempfindlichkeit gegen\u00fcber einem der Inhaltsstoffe, schwangere oder stillende Frauen sowie Personen, die Medikamente gegen Depressionen oder Angstzust\u00e4nde einnehmen, sollten vor der Verwendung von Calm X einen Arzt konsultieren.<\/span>\u200b<\/p>\r\n<p class=\"\" data-start=\"633\" data-end=\"792\"><strong data-start=\"633\" data-end=\"666\">5. Wo kann ich Calm X kaufen?<\/strong> <span class=\"relative -mx-px my-[-0.2rem] rounded-sm px-px py-[0.2rem]\">Calm X ist in verschiedenen Online-Shops und Apotheken erh\u00e4ltlich.<\/span> <span class=\"relative -mx-px my-[-0.2rem] rounded-sm px-px py-[0.2rem]\">Bitte besuchen Sie die offizielle Website oder autorisierte H\u00e4ndler, um das Produkt zu erwerben.<\/span>\u200b<\/p>\r\n<p class=\"\" data-start=\"794\" data-end=\"1026\"><strong data-start=\"794\" data-end=\"860\">6. Wie lange dauert es, bis ich Ergebnisse mit Calm X bemerke?<\/strong> <span class=\"relative -mx-px my-[-0.2rem] rounded-sm px-px py-[0.2rem]\">Die Wirkung kann individuell variieren.<\/span> <span class=\"relative -mx-px my-[-0.2rem] rounded-sm px-px py-[0.2rem]\">Einige Nutzer berichten von Verbesserungen innerhalb weniger Tage, w\u00e4hrend es bei anderen l\u00e4nger dauern kann.<\/span> <span class=\"relative -mx-px my-[-0.2rem] rounded-sm px-px py-[0.2rem]\">F\u00fcr optimale Ergebnisse ist eine regelm\u00e4\u00dfige Einnahme \u00fcber einen l\u00e4ngeren Zeitraum empfehlenswert.<\/span>\u200b<\/p>\r\n<p data-start=\"794\" data-end=\"1026\">\n        <div style=\"padding:5px;\">\n<div class=\"scroll-offer-box\">\n  <span class=\"offer-text\">\n   <a href=\"https:\/\/dr-raedel.de\/apotheke\/go\/calm-x-\" target=\"_blank\" style=\"color: black;\"><strong>SPAREN SIE 70% HEUTE!<\/strong><\/a>\n<a href=\"https:\/\/dr-raedel.de\/apotheke\/go\/calm-x-\" target=\"_blank\" class=\"offer-btn\">Gutscheincode!!<\/a><\/span>\n<\/div>\n        <\/div><\/p>\r\n<p class=\"\" data-start=\"2160\" data-end=\"2285\"><\/p>\r\n<p data-start=\"1273\" data-end=\"1714\"><\/p>\r\n<\/div>\r\n<\/div>\r\n<\/div>\r\n<\/div>","protected":false},"excerpt":{"rendered":"<p>Calm X Bewertung Calm X CBD-Kapseln bieten eine nat\u00fcrliche M\u00f6glichkeit, Stress zu reduzieren und innere Ruhe zu finden. Die Kombination aus CBD und wertvollen Kr\u00e4utern wirkt beruhigend und f\u00f6rdert das Wohlbefinden. Im Gegensatz zu vielen anderen Produkten enth\u00e4lt Calm X eine spezielle Mischung, die sowohl den K\u00f6rper als auch den Geist unterst\u00fctzt. Wer sich entspannter &#8230; <a title=\"Calm X\" class=\"read-more\" href=\"https:\/\/dr-raedel.de\/apotheke\/product\/calm-x\/\" aria-label=\"Mehr Informationen \u00fcber Calm X\">Weiterlesen &#8230;<\/a><\/p>\n","protected":false},"featured_media":131,"comment_status":"open","ping_status":"closed","template":"","meta":[],"product_brand":[],"product_cat":[17],"product_tag":[],"class_list":{"0":"post-129","1":"product","2":"type-product","3":"status-publish","4":"has-post-thumbnail","6":"product_cat-gesundheit","8":"first","9":"instock","10":"sale","11":"shipping-taxable","12":"product-type-external"},"_links":{"self":[{"href":"https:\/\/dr-raedel.de\/apotheke\/wp-json\/wp\/v2\/product\/129","targetHints":{"allow":["GET"]}}],"collection":[{"href":"https:\/\/dr-raedel.de\/apotheke\/wp-json\/wp\/v2\/product"}],"about":[{"href":"https:\/\/dr-raedel.de\/apotheke\/wp-json\/wp\/v2\/types\/product"}],"replies":[{"embeddable":true,"href":"https:\/\/dr-raedel.de\/apotheke\/wp-json\/wp\/v2\/comments?post=129"}],"wp:featuredmedia":[{"embeddable":true,"href":"https:\/\/dr-raedel.de\/apotheke\/wp-json\/wp\/v2\/media\/131"}],"wp:attachment":[{"href":"https:\/\/dr-raedel.de\/apotheke\/wp-json\/wp\/v2\/media?parent=129"}],"wp:term":[{"taxonomy":"product_brand","embeddable":true,"href":"https:\/\/dr-raedel.de\/apotheke\/wp-json\/wp\/v2\/product_brand?post=129"},{"taxonomy":"product_cat","embeddable":true,"href":"https:\/\/dr-raedel.de\/apotheke\/wp-json\/wp\/v2\/product_cat?post=129"},{"taxonomy":"product_tag","embeddable":true,"href":"https:\/\/dr-raedel.de\/apotheke\/wp-json\/wp\/v2\/product_tag?post=129"}],"curies":[{"name":"wp","href":"https:\/\/api.w.org\/{rel}","templated":true}]}}