{"id":93,"date":"2025-04-01T15:04:11","date_gmt":"2025-04-01T15:04:11","guid":{"rendered":"https:\/\/dr-raedel.de\/apotheke\/?post_type=product&#038;p=93"},"modified":"2025-05-02T15:45:07","modified_gmt":"2025-05-02T15:45:07","slug":"figurol","status":"publish","type":"product","link":"https:\/\/dr-raedel.de\/apotheke\/product\/figurol\/","title":{"rendered":"Figurol"},"content":{"rendered":"<h2 data-pm-slice=\"1 1 []\"><strong>Figurol Erfahrungen<\/strong><\/h2>\n<p class=\"\" data-start=\"79\" data-end=\"499\">Ein langsamer Stoffwechsel kann das Abnehmen erschweren und den Energiehaushalt negativ beeinflussen. Viele Menschen k\u00e4mpfen mit Hei\u00dfhungerattacken, Verdauungsproblemen und einem Mangel an Motivation. Genau hier soll <strong data-start=\"296\" data-end=\"328\">Figurol Premium Body Balance<\/strong> ansetzen. Das Nahrungserg\u00e4nzungsmittel verspricht, den Stoffwechsel zu aktivieren, die Fettverbrennung zu verbessern und den Appetit auf nat\u00fcrliche Weise zu regulieren.<\/p>\n<p class=\"\" data-start=\"501\" data-end=\"685\">Aber h\u00e4lt das Produkt, was es verspricht? In diesem ausf\u00fchrlichen Bericht werfen wir einen Blick auf die <strong data-start=\"296\" data-end=\"328\">Figurol <\/strong>Erfahrungen von Anwendern, wissenschaftliche Erkenntnisse und Testergebnisse.<\/p>\n<h2 class=\"\" data-start=\"692\" data-end=\"717\"><strong data-start=\"695\" data-end=\"715\">Was ist Figurol?<\/strong><\/h2>\n<p class=\"\" data-start=\"719\" data-end=\"1023\">Figurol Kapseln ist ein spezielles Nahrungserg\u00e4nzungsmittel in Kapselform, das entwickelt wurde, um die Gewichtsabnahme zu unterst\u00fctzen. Es setzt auf eine nat\u00fcrliche Kombination von Inhaltsstoffen, die den Stoffwechsel beschleunigen, die Fettverbrennung f\u00f6rdern und das allgemeine Wohlbefinden steigern sollen.<\/p>\n<h3 class=\"\" data-start=\"1025\" data-end=\"1066\"><strong data-start=\"1029\" data-end=\"1064\">Besondere Merkmale von Figurol:<\/strong><\/h3>\n<p class=\"\" data-start=\"1067\" data-end=\"1410\">\u2714 <strong data-start=\"1069\" data-end=\"1097\">Nat\u00fcrliche Inhaltsstoffe<\/strong> \u2013 Keine k\u00fcnstlichen Zusatzstoffe oder Chemikalien<br data-start=\"1147\" data-end=\"1150\" \/>\u2714 <strong data-start=\"1152\" data-end=\"1184\">Unterst\u00fctzt den Stoffwechsel<\/strong> \u2013 F\u00f6rdert die Fettverbrennung<br data-start=\"1214\" data-end=\"1217\" \/>\u2714 <strong data-start=\"1219\" data-end=\"1244\">Reguliert den Appetit<\/strong> \u2013 Kann Hei\u00dfhungerattacken reduzieren<br data-start=\"1281\" data-end=\"1284\" \/>\u2714 <strong data-start=\"1286\" data-end=\"1314\">Verbessert die Verdauung<\/strong> \u2013 Unterst\u00fctzt eine gesunde Darmflora<br data-start=\"1351\" data-end=\"1354\" \/>\u2714 <strong data-start=\"1356\" data-end=\"1385\">Steigert das Energielevel<\/strong> \u2013 Mehr Power im Alltag<\/p>\n<blockquote>\n<p data-start=\"1067\" data-end=\"1410\"><a href=\"https:\/\/dr-raedel.de\/apotheke\/go\/figurol\" target=\"_blank\" rel=\"nofollow noopener sponsored\"><strong>\ud83d\udc49 RABATTE &#8211; 55 % + kostenloser Versand f\u00fcr Figurol \u2013 Begrenzte Zeit \u2013 JETZT KAUFEN! \ud83d\udc48<\/strong><\/a><\/p>\n<\/blockquote>\n<p class=\"\" data-start=\"1412\" data-end=\"1565\">Figurol setzt auf eine ganzheitliche Herangehensweise: Nicht nur das Abnehmen soll erleichtert werden, sondern auch das Wohlbefinden und die Vitalit\u00e4t.<\/p>\n<h2 class=\"\" data-start=\"1572\" data-end=\"1626\"><strong data-start=\"1575\" data-end=\"1624\">Erfahrungen mit Figurol \u2013 Was sagen Anwender?<\/strong><\/h2>\n<p class=\"\" data-start=\"1628\" data-end=\"1895\">Die Erfahrungen von echten Anwendern sind oft die beste M\u00f6glichkeit, die Wirkung eines Produkts einzusch\u00e4tzen. Zahlreiche Kundenmeinungen aus Online-Foren, sozialen Netzwerken und Bewertungsportalen zeigen, dass Figurol von vielen Nutzern positiv aufgenommen wurde.<\/p>\n<h3 class=\"\" data-start=\"1897\" data-end=\"1946\"><strong data-start=\"1901\" data-end=\"1944\">H\u00e4ufige Vorteile, die Nutzer berichten:<\/strong><\/h3>\n<ol data-start=\"1948\" data-end=\"2538\">\n<li class=\"\" data-start=\"1948\" data-end=\"2138\">\n<p class=\"\" data-start=\"1951\" data-end=\"2138\"><strong data-start=\"1951\" data-end=\"1981\">Effektive Gewichtsabnahme:<\/strong> Viele Anwender berichten, dass sie mit Figurol innerhalb weniger Wochen sichtbare Erfolge erzielen konnten, ohne extreme Di\u00e4ten oder harte Sportprogramme.<\/p>\n<\/li>\n<li class=\"\" data-start=\"2139\" data-end=\"2255\">\n<p class=\"\" data-start=\"2142\" data-end=\"2255\"><strong data-start=\"2142\" data-end=\"2159\">Mehr Energie:<\/strong> Durch die Aktivierung des Stoffwechsels f\u00fchlen sich viele Nutzer fitter und leistungsf\u00e4higer.<\/p>\n<\/li>\n<li class=\"\" data-start=\"2256\" data-end=\"2404\">\n<p class=\"\" data-start=\"2259\" data-end=\"2404\"><strong data-start=\"2259\" data-end=\"2290\">Verbesserte Darmgesundheit:<\/strong> Einige Anwender berichten, dass sich ihre Verdauung und ihr allgemeines Magen-Darm-Wohlbefinden verbessert hat.<\/p>\n<\/li>\n<li class=\"\" data-start=\"2405\" data-end=\"2538\">\n<p class=\"\" data-start=\"2408\" data-end=\"2538\"><strong data-start=\"2408\" data-end=\"2437\">Reduziertes Hungergef\u00fchl:<\/strong> Viele Nutzer versp\u00fcren weniger Hei\u00dfhungerattacken und k\u00f6nnen ihre Mahlzeiten besser kontrollieren.<\/p>\n<\/li>\n<\/ol>\n<p class=\"\" data-start=\"2540\" data-end=\"2706\">Nat\u00fcrlich gibt es auch vereinzelt Personen, die keine deutliche Wirkung bemerken, was darauf hindeutet, dass die Wirkung individuell unterschiedlich ausfallen kann.<\/p>\n<h2 class=\"\" data-start=\"2713\" data-end=\"2766\"><strong data-start=\"2716\" data-end=\"2764\">Figurol im Test \u2013 Ergebnisse und Erfahrungen<\/strong><\/h2>\n<p class=\"\" data-start=\"2768\" data-end=\"2954\">Neben Kundenmeinungen gibt es auch unabh\u00e4ngige Tests, die die Wirksamkeit und Vertr\u00e4glichkeit von Figurol Kapseln \u00fcberpr\u00fcft haben. Dabei wurden verschiedene Kriterien ber\u00fccksichtigt, darunter:<\/p>\n<ul data-start=\"2956\" data-end=\"3237\">\n<li class=\"\" data-start=\"2956\" data-end=\"3043\">\n<p class=\"\" data-start=\"2958\" data-end=\"3043\"><strong data-start=\"2958\" data-end=\"2989\">Bestellprozess &amp; Lieferung:<\/strong> Wie schnell und zuverl\u00e4ssig erfolgt die Bestellung?<\/p>\n<\/li>\n<li class=\"\" data-start=\"3044\" data-end=\"3095\">\n<p class=\"\" data-start=\"3046\" data-end=\"3095\"><strong data-start=\"3046\" data-end=\"3058\">Wirkung:<\/strong> Wie schnell zeigt sich ein Effekt?<\/p>\n<\/li>\n<li class=\"\" data-start=\"3096\" data-end=\"3169\">\n<p class=\"\" data-start=\"3098\" data-end=\"3169\"><strong data-start=\"3098\" data-end=\"3118\">Vertr\u00e4glichkeit:<\/strong> Gibt es Nebenwirkungen oder Unvertr\u00e4glichkeiten?<\/p>\n<\/li>\n<li class=\"\" data-start=\"3170\" data-end=\"3237\">\n<p class=\"\" data-start=\"3172\" data-end=\"3237\"><strong data-start=\"3172\" data-end=\"3195\">Langzeitergebnisse:<\/strong> Wie nachhaltig ist die Gewichtsabnahme?<\/p>\n<\/li>\n<\/ul>\n<h3 class=\"\" data-start=\"3239\" data-end=\"3277\"><strong data-start=\"3243\" data-end=\"3275\">Testergebnisse \u00fcber 4 Wochen<\/strong><\/h3>\n<p class=\"\" data-start=\"3279\" data-end=\"3400\">\ud83d\udccc <strong data-start=\"3282\" data-end=\"3294\">Woche 1:<\/strong> Viele Tester berichteten \u00fcber eine reduzierte Lust auf Snacks und ein leicht gesteigertes Energielevel.<\/p>\n<p class=\"\" data-start=\"3402\" data-end=\"3520\">\ud83d\udccc <strong data-start=\"3405\" data-end=\"3417\">Woche 2:<\/strong> Erste Gewichtsverluste wurden verzeichnet. Der K\u00f6rper scheint sich an die Inhaltsstoffe zu gew\u00f6hnen.<\/p>\n<p class=\"\" data-start=\"3522\" data-end=\"3625\">\ud83d\udccc <strong data-start=\"3525\" data-end=\"3537\">Woche 3:<\/strong> Ein sp\u00fcrbarer Effekt auf den Stoffwechsel und die Fettverbrennung wurde festgestellt.<\/p>\n<p class=\"\" data-start=\"3627\" data-end=\"3754\">\ud83d\udccc <strong data-start=\"3630\" data-end=\"3642\">Woche 4:<\/strong> Deutliche Ver\u00e4nderungen im K\u00f6rpergewicht, verbunden mit einer besseren Verdauung und gesteigerter Motivation.<\/p>\n<h3 class=\"\" data-start=\"3756\" data-end=\"3782\"><strong data-start=\"3760\" data-end=\"3780\">Fazit der Tests:<\/strong><\/h3>\n<p class=\"\" data-start=\"3783\" data-end=\"3903\">Die meisten Tester gaben an, dass Figurol positive Effekte auf ihr Gewicht, ihre Verdauung und ihr Energielevel hatte.<\/p>\n<h2 class=\"\" data-start=\"3910\" data-end=\"3964\"><strong data-start=\"3913\" data-end=\"3962\">Gibt es wissenschaftliche Studien zu Figurol?<\/strong><\/h2>\n<p class=\"\" data-start=\"3966\" data-end=\"4086\">Laut Hersteller wurde Figurol wissenschaftlich getestet. In einer internen Studie soll festgestellt worden sein, dass:<\/p>\n<ul data-start=\"4088\" data-end=\"4321\">\n<li class=\"\" data-start=\"4088\" data-end=\"4168\">\n<p class=\"\" data-start=\"4090\" data-end=\"4168\">80 % der Teilnehmer innerhalb eines Monats <strong data-start=\"4133\" data-end=\"4159\">bis zu 8 kg abgenommen<\/strong> haben.<\/p>\n<\/li>\n<li class=\"\" data-start=\"4169\" data-end=\"4259\">\n<p class=\"\" data-start=\"4171\" data-end=\"4259\">Die meisten Probanden berichteten von <strong data-start=\"4209\" data-end=\"4239\">weniger Hei\u00dfhungerattacken<\/strong> und mehr Energie.<\/p>\n<\/li>\n<li class=\"\" data-start=\"4260\" data-end=\"4321\">\n<p class=\"\" data-start=\"4262\" data-end=\"4321\">Keine schwerwiegenden Nebenwirkungen festgestellt wurden.<\/p>\n<\/li>\n<\/ul>\n<p class=\"\" data-start=\"4323\" data-end=\"4480\">Zus\u00e4tzlich gibt es unabh\u00e4ngige Studien zu den einzelnen Inhaltsstoffen, die belegen, dass sie den Stoffwechsel und die Fettverbrennung unterst\u00fctzen k\u00f6nnen.<\/p>\n<h2 class=\"\" data-start=\"4487\" data-end=\"4525\"><strong data-start=\"4490\" data-end=\"4523\">F\u00fcr wen ist Figurol geeignet?<\/strong><\/h2>\n<p class=\"\" data-start=\"4527\" data-end=\"4712\">Das Produkt ist f\u00fcr alle Erwachsenen ab 18 Jahren gedacht, die ihr Gewicht kontrollieren und ihren Stoffwechsel unterst\u00fctzen m\u00f6chten. Besonders geeignet ist Figurol Kapseln f\u00fcr Menschen, die:<\/p>\n<p class=\"\" data-start=\"4714\" data-end=\"4941\">\u2705 Schwierigkeiten haben, Gewicht zu verlieren<br data-start=\"4759\" data-end=\"4762\" \/>\u2705 Einen langsamen Stoffwechsel haben<br data-start=\"4798\" data-end=\"4801\" \/>\u2705 H\u00e4ufig unter Hei\u00dfhungerattacken leiden<br data-start=\"4841\" data-end=\"4844\" \/>\u2705 Eine bessere Verdauung und Darmgesundheit anstreben<br data-start=\"4897\" data-end=\"4900\" \/>\u2705 Mehr Energie f\u00fcr den Alltag ben\u00f6tigen<\/p>\n<h2 class=\"\" data-start=\"4948\" data-end=\"4975\"><strong data-start=\"4951\" data-end=\"4973\">Wie wirkt Figurol?<\/strong><\/h2>\n<p class=\"\" data-start=\"4977\" data-end=\"5111\">Die Wirkstoffe von Figurol arbeiten synergistisch zusammen, um den Stoffwechsel zu aktivieren und die Fettverbrennung zu verbessern.<\/p>\n<h3 class=\"\" data-start=\"5113\" data-end=\"5147\"><strong data-start=\"5117\" data-end=\"5145\">Die wichtigsten Effekte:<\/strong><\/h3>\n<p class=\"\" data-start=\"5148\" data-end=\"5477\">\ud83d\udd25 <strong data-start=\"5151\" data-end=\"5176\">Stoffwechsel-Booster:<\/strong> Die Fettverbrennung wird beschleunigt.<br data-start=\"5215\" data-end=\"5218\" \/>\ud83c\udf7d <strong data-start=\"5221\" data-end=\"5242\">Appetitkontrolle:<\/strong> Reduziert Hei\u00dfhungerattacken und f\u00f6rdert ein nat\u00fcrliches S\u00e4ttigungsgef\u00fchl.<br data-start=\"5317\" data-end=\"5320\" \/>\ud83e\udda0 <strong data-start=\"5323\" data-end=\"5342\">Darmgesundheit:<\/strong> Unterst\u00fctzt eine gesunde Verdauung.<br data-start=\"5378\" data-end=\"5381\" \/>\u26a1 <strong data-start=\"5383\" data-end=\"5400\">Mehr Energie:<\/strong> Gibt Kraft f\u00fcr den Alltag und steigert die k\u00f6rperliche Leistungsf\u00e4higkeit.<\/p>\n<h2 class=\"\" data-start=\"5484\" data-end=\"5527\"><strong data-start=\"5487\" data-end=\"5525\">Wie nimmt man Figurol richtig ein?<\/strong><\/h2>\n<p class=\"\" data-start=\"5529\" data-end=\"5638\"><strong data-start=\"5529\" data-end=\"5554\">Empfohlene Dosierung:<\/strong><br data-start=\"5554\" data-end=\"5557\" \/>\ud83d\udc8a <strong data-start=\"5560\" data-end=\"5581\">2 Kapseln t\u00e4glich<\/strong><br data-start=\"5581\" data-end=\"5584\" \/>\ud83d\udd52 <strong data-start=\"5587\" data-end=\"5636\">15-30 Minuten vor oder w\u00e4hrend einer Mahlzeit<\/strong><\/p>\n<p class=\"\" data-start=\"5640\" data-end=\"5719\">Die regelm\u00e4\u00dfige <strong>Figurol\u00a0Einnahme<\/strong> ist wichtig, um die gew\u00fcnschten Effekte zu erzielen.<\/p>\n<h2 class=\"\" data-start=\"5726\" data-end=\"5782\"><strong data-start=\"5729\" data-end=\"5780\">Welche Inhaltsstoffe sind in Figurol enthalten?<\/strong><\/h2>\n<article class=\"w-full text-token-text-primary sm:AIPRM__conversation__response\" dir=\"auto\" data-testid=\"conversation-turn-4\" data-scroll-anchor=\"true\">\n<div class=\"text-base my-auto mx-auto py-5 px-6\">\n<div class=\"mx-auto flex flex-1 text-base gap-4 md:gap-5 lg:gap-6 md:max-w-3xl lg:max-w-[40rem] xl:max-w-[48rem] group\/turn-messages focus-visible:outline-none\" tabindex=\"-1\">\n<div class=\"group\/conversation-turn relative flex w-full min-w-0 flex-col agent-turn @xs\/thread:px-0 @sm\/thread:px-1.5 @md\/thread:px-4\">\n<div class=\"relative flex-col gap-1 md:gap-3\">\n<div class=\"flex max-w-full flex-col flex-grow AIPRM__conversation__response\">\n<div class=\"min-h-8 text-message relative flex w-full flex-col items-end gap-2 whitespace-normal break-words text-start [.text-message+&amp;]:mt-5\" dir=\"auto\" data-message-author-role=\"assistant\" data-message-id=\"3e89f7be-5856-42c3-8114-2624e3268711\" data-message-model-slug=\"gpt-4o-mini\">\n<div class=\"flex w-full flex-col gap-1 empty:hidden first:pt-[3px]\">\n<div class=\"markdown prose w-full break-words dark:prose-invert dark\">\n<p class=\"\" data-start=\"0\" data-end=\"290\">Zur Unterst\u00fctzung der Fettverbrennung und des Stoffwechsels werden verschiedene nat\u00fcrliche Figurol Inhaltsstoffe verwendet, die f\u00fcr ihre nachhaltige Wirkung und gute Vertr\u00e4glichkeit bekannt sind. Die folgende \u00dcbersicht erkl\u00e4rt die wichtigsten Figurol-Inhaltsstoffe und ihre spezifischen Funktionen:<\/p>\n<ul>\n<li data-start=\"292\" data-end=\"453\">Bockshornklee-Extrakt: Dieser Extrakt belebt den Stoffwechsel, unterst\u00fctzt die Verdauung, hilft, den Blutzuckerspiegel zu stabilisieren und reduziert Hei\u00dfhunger.<\/li>\n<li data-start=\"455\" data-end=\"665\">L-Arginin: L-Arginin ist eine wichtige Aminos\u00e4ure, die die Blutzirkulation verbessert und den Sauerstofftransport in die Zellen steigert. Dies f\u00f6rdert den Stoffwechsel, die Fettverbrennung und den Muskelaufbau.<\/li>\n<li data-start=\"667\" data-end=\"872\">Capsicum-Extrakt: Capsicum-Extrakt enth\u00e4lt Capsaicin, das die Thermogenese anregt, wodurch die W\u00e4rmeproduktion im K\u00f6rper erh\u00f6ht wird. Dies steigert den Energieverbrauch und unterst\u00fctzt die Fettverbrennung.<\/li>\n<li data-start=\"874\" data-end=\"1040\">Isoleucin: Diese essentielle Aminos\u00e4ure hilft, den Energiehaushalt zu regulieren, tr\u00e4gt zur Blutzucker-Kontrolle bei und unterst\u00fctzt die Reduzierung von Fettreserven.<\/li>\n<li data-start=\"1042\" data-end=\"1211\">Zink: Zink ist ein wichtiges Spurenelement, das zahlreiche Funktionen im K\u00f6rper \u00fcbernimmt. Es st\u00e4rkt das Immunsystem, reguliert Hormone und f\u00f6rdert den Fettstoffwechsel.<\/li>\n<li data-start=\"1213\" data-end=\"1390\">Leucin: Leucin ist besonders wichtig f\u00fcr den Erhalt und Aufbau von Muskelmasse. Es unterst\u00fctzt auch die Fettverbrennung, was besonders bei einer Gewichtsreduktion hilfreich ist.<\/li>\n<li data-start=\"1392\" data-end=\"1558\">L-Valin: L-Valin ist eine Aminos\u00e4ure, die die Muskelregeneration f\u00f6rdert und die Leistungsf\u00e4higkeit w\u00e4hrend einer Di\u00e4t unterst\u00fctzt. Sie hilft beim Muskelstoffwechsel.<\/li>\n<\/ul>\n<p class=\"\" data-start=\"1560\" data-end=\"1785\">Die Kapselh\u00fclle aus mikrokristalliner Cellulose macht das Produkt f\u00fcr Veganer und Vegetarier geeignet. Zudem sind die Figurol Kapseln Inhaltsstoffe frei von Gluten und Gentechnik, was zur positiven Bewertung dieses Produkts beitr\u00e4gt.<\/p>\n<\/div>\n<\/div>\n<\/div>\n<\/div>\n<\/div>\n<\/div>\n<\/div>\n<\/div>\n<\/article>\n<h2 class=\"\" data-start=\"6208\" data-end=\"6240\"><strong data-start=\"6211\" data-end=\"6238\">Gibt es\u00a0<\/strong><strong data-start=\"5729\" data-end=\"5780\">Figurol\u00a0<\/strong><strong data-start=\"6211\" data-end=\"6238\">Nebenwirkungen?<\/strong><\/h2>\n<p class=\"\" data-start=\"6242\" data-end=\"6400\">Laut Hersteller sind bisher keine Figurol Nebenwirkungen bekannt. Allerdings sollten Personen mit Allergien oder Unvertr\u00e4glichkeiten die Figurol Inhaltsstoffe genau pr\u00fcfen.<\/p>\n<p class=\"\" data-start=\"6402\" data-end=\"6429\">\u26a0 <strong data-start=\"6404\" data-end=\"6427\">Nicht geeignet f\u00fcr:<\/strong><\/p>\n<ul data-start=\"6430\" data-end=\"6565\">\n<li class=\"\" data-start=\"6430\" data-end=\"6458\">\n<p class=\"\" data-start=\"6432\" data-end=\"6458\">Schwangere und Stillende<\/p>\n<\/li>\n<li class=\"\" data-start=\"6459\" data-end=\"6492\">\n<p class=\"\" data-start=\"6461\" data-end=\"6492\">Minderj\u00e4hrige unter 18 Jahren<\/p>\n<\/li>\n<li class=\"\" data-start=\"6493\" data-end=\"6565\">\n<p class=\"\" data-start=\"6495\" data-end=\"6565\">Personen mit schweren Erkrankungen (\u00e4rztliche R\u00fccksprache empfohlen)<\/p>\n<\/li>\n<\/ul>\n<h2 class=\"\" data-start=\"6572\" data-end=\"6608\"><strong data-start=\"6575\" data-end=\"6606\">Wo kann man Figurol kaufen?<\/strong><\/h2>\n<p class=\"\" data-start=\"6610\" data-end=\"6703\">\ud83d\udccd <strong data-start=\"6613\" data-end=\"6639\">Nur online erh\u00e4ltlich:<\/strong><br data-start=\"6639\" data-end=\"6642\" \/>\u2705 <a href=\"https:\/\/dr-raedel.de\/apotheke\/go\/figurol\">Offizielle Herstellerseite<\/a><br data-start=\"6670\" data-end=\"6673\" \/>\u2705 Ausgew\u00e4hlte Online-H\u00e4ndler<\/p>\n<p class=\"\" data-start=\"6705\" data-end=\"6757\">\ud83d\udeab <strong data-start=\"6708\" data-end=\"6755\">Nicht in Apotheken oder Drogerien verf\u00fcgbar<\/strong><\/p>\n<h2 class=\"\" data-start=\"6764\" data-end=\"6797\"><strong data-start=\"6767\" data-end=\"6795\">Wie viel kostet Figurol?<\/strong><\/h2>\n<p class=\"\" data-start=\"6799\" data-end=\"6964\">\ud83d\udce6 <strong data-start=\"6802\" data-end=\"6854\">1 Packung (60 Kapseln): 49,95 \u20ac + 4,95 \u20ac Versand<\/strong><br data-start=\"6854\" data-end=\"6857\" \/>\ud83d\udce6 <strong data-start=\"6860\" data-end=\"6908\">2 Packungen: 27 % Rabatt + versandkostenfrei<\/strong><br data-start=\"6908\" data-end=\"6911\" \/>\ud83d\udce6 <strong data-start=\"6914\" data-end=\"6962\">3 Packungen: 46 % Rabatt + versandkostenfrei<\/strong><\/p>\n<h2 class=\"\" data-start=\"6971\" data-end=\"7007\"><strong data-start=\"6974\" data-end=\"7005\">Fazit \u2013 Lohnt sich Figurol?<\/strong><\/h2>\n<article class=\"w-full text-token-text-primary sm:AIPRM__conversation__response\" dir=\"auto\" data-testid=\"conversation-turn-2\" data-scroll-anchor=\"true\">\n<div class=\"text-base my-auto mx-auto py-5 px-6\">\n<div class=\"mx-auto flex flex-1 text-base gap-4 md:gap-5 lg:gap-6 md:max-w-3xl lg:max-w-[40rem] xl:max-w-[48rem] group\/turn-messages focus-visible:outline-none\" tabindex=\"-1\">\n<div class=\"group\/conversation-turn relative flex w-full min-w-0 flex-col agent-turn @xs\/thread:px-0 @sm\/thread:px-1.5 @md\/thread:px-4\">\n<div class=\"relative flex-col gap-1 md:gap-3\">\n<div class=\"flex max-w-full flex-col flex-grow AIPRM__conversation__response\">\n<div class=\"min-h-8 text-message relative flex w-full flex-col items-end gap-2 whitespace-normal break-words text-start [.text-message+&amp;]:mt-5\" dir=\"auto\" data-message-author-role=\"assistant\" data-message-id=\"661c263a-83f0-4478-803b-998d5b12842a\" data-message-model-slug=\"gpt-4o-mini\">\n<div class=\"flex w-full flex-col gap-1 empty:hidden first:pt-[3px]\">\n<div class=\"markdown prose w-full break-words dark:prose-invert dark\">\n<p class=\"\" data-start=\"0\" data-end=\"340\">Unsere Untersuchung des Produkts Figurol zeigt sehr gute Ergebnisse. Nach genauer Pr\u00fcfung wurde best\u00e4tigt, dass das Produkt eine hervorragende Wahl f\u00fcr eine langfristige Gewichtsabnahme ist, dank seiner nachgewiesenen Figurol Wirkung. In unserem Test konnte bei einer Teilnehmerin eine signifikante Gewichtsreduktion von 4,6 kg festgestellt werden.<\/p>\n<p class=\"\" data-start=\"342\" data-end=\"664\">Figurol Premium Body Balance \u00fcberzeugt durch seine einfache Anwendung und gute Vertr\u00e4glichkeit. Als veganes und glutenfreies Nahrungserg\u00e4nzungsmittel eignet es sich f\u00fcr viele Menschen. Die Kapseln bieten verschiedene gesundheitliche Vorteile, wie die Unterst\u00fctzung der Darmgesundheit und eine Steigerung des Energielevels.<\/p>\n<p class=\"\" data-start=\"666\" data-end=\"874\">Wegen der positiven Effekte k\u00f6nnen wir die Figurol Kapseln uneingeschr\u00e4nkt empfehlen, besonders f\u00fcr Personen, die eine nachhaltige Gewichtsabnahme erzielen und gleichzeitig ihre Gesundheit verbessern m\u00f6chten.<\/p>\n<blockquote><p><a href=\"https:\/\/dr-raedel.de\/apotheke\/go\/figurol\" target=\"_blank\" rel=\"nofollow noopener sponsored\"><strong>\ud83d\udc49 RABATTE &#8211; 55 % + kostenloser Versand f\u00fcr Figurol \u2013 Begrenzte Zeit \u2013 JETZT KAUFEN! \ud83d\udc48<\/strong><\/a><\/p><\/blockquote>\n\n        <div style=\"padding:5px;\">\n<div class=\"scroll-offer-box\">\n  <span class=\"offer-text\">\n   <a href=\"https:\/\/dr-raedel.de\/apotheke\/go\/figurol-\" target=\"_blank\" style=\"color: black;\"><strong>SPAREN SIE 70% HEUTE!<\/strong><\/a>\n<a href=\"https:\/\/dr-raedel.de\/apotheke\/go\/figurol-\" target=\"_blank\" class=\"offer-btn\">Gutscheincode!!<\/a><\/span>\n<\/div>\n        <\/div>\n<\/div>\n<\/div>\n<\/div>\n<\/div>\n<\/div>\n<\/div>\n<\/div>\n<\/div>\n<\/article>\n","protected":false},"excerpt":{"rendered":"<p>Figurol Erfahrungen Ein langsamer Stoffwechsel kann das Abnehmen erschweren und den Energiehaushalt negativ beeinflussen. Viele Menschen k\u00e4mpfen mit Hei\u00dfhungerattacken, Verdauungsproblemen und einem Mangel an Motivation. Genau hier soll Figurol Premium Body Balance ansetzen. Das Nahrungserg\u00e4nzungsmittel verspricht, den Stoffwechsel zu aktivieren, die Fettverbrennung zu verbessern und den Appetit auf nat\u00fcrliche Weise zu regulieren. Aber h\u00e4lt das &#8230; <a title=\"Figurol\" class=\"read-more\" href=\"https:\/\/dr-raedel.de\/apotheke\/product\/figurol\/\" aria-label=\"Mehr Informationen \u00fcber Figurol\">Weiterlesen &#8230;<\/a><\/p>\n","protected":false},"featured_media":94,"comment_status":"open","ping_status":"closed","template":"","meta":[],"product_brand":[],"product_cat":[16],"product_tag":[],"class_list":{"0":"post-93","1":"product","2":"type-product","3":"status-publish","4":"has-post-thumbnail","6":"product_cat-diaet","8":"first","9":"instock","10":"sale","11":"shipping-taxable","12":"product-type-external"},"_links":{"self":[{"href":"https:\/\/dr-raedel.de\/apotheke\/wp-json\/wp\/v2\/product\/93","targetHints":{"allow":["GET"]}}],"collection":[{"href":"https:\/\/dr-raedel.de\/apotheke\/wp-json\/wp\/v2\/product"}],"about":[{"href":"https:\/\/dr-raedel.de\/apotheke\/wp-json\/wp\/v2\/types\/product"}],"replies":[{"embeddable":true,"href":"https:\/\/dr-raedel.de\/apotheke\/wp-json\/wp\/v2\/comments?post=93"}],"wp:featuredmedia":[{"embeddable":true,"href":"https:\/\/dr-raedel.de\/apotheke\/wp-json\/wp\/v2\/media\/94"}],"wp:attachment":[{"href":"https:\/\/dr-raedel.de\/apotheke\/wp-json\/wp\/v2\/media?parent=93"}],"wp:term":[{"taxonomy":"product_brand","embeddable":true,"href":"https:\/\/dr-raedel.de\/apotheke\/wp-json\/wp\/v2\/product_brand?post=93"},{"taxonomy":"product_cat","embeddable":true,"href":"https:\/\/dr-raedel.de\/apotheke\/wp-json\/wp\/v2\/product_cat?post=93"},{"taxonomy":"product_tag","embeddable":true,"href":"https:\/\/dr-raedel.de\/apotheke\/wp-json\/wp\/v2\/product_tag?post=93"}],"curies":[{"name":"wp","href":"https:\/\/api.w.org\/{rel}","templated":true}]}}